 - 0)) + (15 + -44 - -30)
-6
Evaluate (-40 - -32) + (-1 - -4 - (-6 - -12)).
-11
What is the value of 31 - (2 - ((11 - 25) + 0))?
15
Evaluate 1 - 8 - (457 + -464).
0
22 + -26 + (7 + 7 + -8 - -3)
5
What is the value of 14 + (-5 - 3) + (1 - 3) + 0?
4
1 + -26 - (2 + 4 + 2 - 19)
-14
What is -7 + (64 - 68 - (-2 - 0))?
-9
(-6 - (6 + -19) - -5) + (-77 - -63)
-2
Calculate -7 - (6 + -3 + 0) - 5.
-15
What is the value of 0 - (-1 - (3 + -3 + -4)) - 9?
-12
What is the value of 45 + -52 + (2 + -6 - -11)?
0
Evaluate 0 - 3 - (-179 - -183).
-7
What is the value of (-20 - (5 - 10 - 4) - 25) + -2?
-38
What is the value of -9 - (16 + -8 + -45) - 9?
19
(3 + -3 - (-15 + 17)) + (23 - 25)
-4
(6 - -7 - (1 + 2)) + -5 - 14
-9
What is the value of -415 + 382 + (1 - -4)?
-28
What is (-9 - -8) + 9 + 0?
8
What is (36 - 28 - (3 - 2)) + -9?
-2
What is 25 + -10 - 21 - (19 + -1 - 3)?
-21
Calculate 9 - -2 - (-6 + 26 + 8).
-17
(-3 - (6 + -18)) + (71 - 65)
15
Evaluate -14 + (5 - -12) + 1 + -9.
-5
What is 8 - (-4 + 6 + 11 - 3)?
-2
-5 + (-149 - -161) + (-6 - (-1 + -1))
3
0 + 5 + (9 - (14 - 7) - 5)
2
(-19 - (-10 - (0 - 10))) + (2 - -2)
-15
Calculate (-3 - -4 - (0 + 5)) + 75 + -69.
2
Calculate -2 + -2 + 2 + 8 - (-105 - -111).
0
Calculate 27 + (-5 - (-32 - -70)).
-16
-12 + (30 - 12) - (4 - -5)
-3
(-4 - ((2 - 10) + 2)) + -2
0
What is the value of 12 + (-13 + 0 - -12)?
11
What is -13 - ((-13 + 4 - -14) + -11)?
-7
What is (0 - (-3 + 1)) + -26 - (-206 + 200)?
-18
What is the value of (1 - (8 - (5 + -3))) + 4?
-1
Calculate -3 + -7 + (-4 - (-8 + -15)).
9
What is the value of 3 + 4 + (-7 - 3) + -9?
-12
Evaluate -3 - -10 - 19 - -12.
0
What is the value of (-14 - 2) + -39 + 49?
-6
What is (0 + 4 + -4 - (-4 + -3)) + 6?
13
What is (-3 - (-15 - (-20 + -1))) + -9 + -1?
-19
90 + -79 + 40 - 45
6
What is 3 - (10 + (-5 - 5) - 5)?
8
What is the value of -1 + -18 - (734 + -755)?
2
What is (25 + -6 - 10) + (-7 - (1 + -1))?
2
What is the value of 3 + -19 - (164 + -160)?
-20
What is the value of -2 + (21 - (12 - 2))?
9
Calculate -11 + (18 - 5) + -6.
-4
What is the value of (24 + 8 - 10) + (5 - 18)?
9
10 - (15 - 6) - -5
6
Calculate -37 + 15 + 4 + (-9 - -2).
-25
What is the value of (4 - -5) + ((-8 - -1) + -11 - -12)?
3
Calculate -3 + -11 - (219 - 207).
-26
What is 8 + -7 + -1 + -2 + -8?
-10
What is -20 - (19 - (21 + 19))?
1
Evaluate 5 + -10 + -6 + -2 + 14 + -7.
-6
What is (13 - 25 - -4) + 2?
-6
Evaluate -18 + 0 + (13 + -26 - -17).
-14
What is the value of -8 + -1 + -1883 + 1903?
11
What is -6 + 3 + -7 - (6 - 0)?
-16
Calculate 5 + (-2 + -7 + 7 + 10 - -14).
27
Evaluate -17 + (11 + 1 - (30 - 32)).
-3
What is (0 - 0) + (0 - 1)?
-1
Evaluate (-2 - -5) + -11 + 14 + 1.
7
What is 10 - (-22 - -12) - (1 + 3) - -2?
18
1 + -6 + 2 + (-7 - -1 - -5)
-4
(-28 - -22) + (-3 - -9) + -2
-2
(-84 - -71) + (-1 - -17)
3
What is the value of -28 + (-49 + 29 - -24) + 1 + 0?
-23
Evaluate 2 + -22 + (7 - -37) + -41.
-17
What is 7 + -3 + 7 + 0 + -4 - -7?
14
49 - 53 - (-4 + (19 - (2 - -4)))
-13
Calculate (0 + 3 + -7 + -2 - -12) + -17.
-11
Evaluate (-3 - -6) + -4 - (12 + -6) - -23.
16
Calculate -3 + -4 + (17 - (-8 + 20 + -5)).
3
(4 - (-6 - (2 + -19))) + 8
1
Evaluate -3 - -10 - (33 - 37).
11
(6 - (14 + -8)) + (0 - 8)
-8
3 - (-64 - -25) - 6
36
What is the value of -20 + (-14 - 1 - -18)?
-17
What is the value of 44 - (5 - -13 - (-2 + 6))?
30
What is 8 - (-9 + 11) - -6 - (7 - 5)?
10
18 - (-1 - (-22 + 7 + 8 + -6))
6
(-10 - (2 - 2)) + (-100 - -104)
-6
What is -10 + 0 - (525 - 520)?
-15
(-4 + 1 - (14 - 0)) + 74 + -67
-10
-2 - (14 + -5 + -7)
-4
1 - (4 + 5 + 5)
-13
Evaluate 11 + (13 - 39 - 3) + 52.
34
What is (4 - (15 - (15 + -9))) + -5 + -1?
-11
11 - 10 - (4 + 1 + -6 + 2)
0
Evaluate 30 + -48 - (3 + (10 - 10)).
-21
Evaluate 8 + 13 + (-12 + 0 - -23).
32
Evaluate (15 + 18 - (5 - (-1 - -9))) + 0.
36
(14 - 1) + (-12 + 64 - 86)
-21
Evaluate -21 - ((-11 - (-21 - -6)) + 3 + -9).
-19
What is the value of -12 + (6 - (5 + 1)) - -6?
-6
13 - 6 - (4 + (-2 + 8 - 3))
0
Calculate -13 + 3 - (37 + -36).
-11
-6 + -11 + -6 + 22
-1
Calculate 162 + -142 - (-5 - (-3 - 1)).
21
What is the value of (-4 + -2 - (-21 - -18)) + -7?
-10
What is the value of 2 - 0 - (23 - 31 - -26)?
-16
Evaluate -25 + 1 + -11 + 10 + 12.
-13
Evaluate 3 + -2 + -1 + (30 + -32 - 25).
-27
(-21 - ((-5 - 9) + 4)) + 17
6
6 + 1 + 29 + -23 + 1 - 6
8
-18 + 7 - -22 - (3 - 8)
16
Evaluate 4 - (9 + 5 + -10) - (5 - -1).
-6
Evaluate 14 + (13 - (14 + 6)).
7
-12 + 7 + -14 - -3 - -7
-9
What is -15 + -3 + 7 - (116 + -116)?
-11
Calculate -23 - (16 + (-5 - 12)).
-22
Calculate 19 + (-25 - -4 - -7).
5
What is the value of -34 + (28 - (15 - 55))?
34
Evaluate (-1 - (-47 - -18)) + -10 + 1.
19
Calculate (5 - 8) + 2 + 6 - 16.
-11
Calculate -1 + 8 + (-8 - -19) + -8 + 0.
10
Calculate -14 - (-20 + 12 + -4).
-2
What is -25 + (-13 + -4 - -9) + (8 - 0)?
-25
13 + -5 - (-1 + 3) - (-18 - -36)
-12
What is the value of -6 - (-3 - -21 - 26)?
2
Evaluate -100 + 107 + (0 - -1 - 7).
1
-12 + -4 + (3 - 1) + 7 + -1
-8
Calculate (-18 + 24 - 18) + (-7 - -4).
-15
Evaluate 1 + -2 + (423 - 437).
-15
What is the value of 102 - 117 - (0 - (3 + 0 + -3))?
-15
0 + -8 - (-10 + -11 + 16)
-3
15 + -20 + (9 - 3) - -1
2
What is the value of 0 + (-5 - -3) + -3 - (10 + -1)?
-14
0 - -7 - (7 - -1)
-1
Evaluate (-11 - (4 + -13)) + (1 - (8 - -4)).
-13
Calculate -3 + -24 + 41 + (6 - 1).
19
What is the value of -1 + (6 + (-7 - (10 + -3)) - -6)?
-3
What is the value of (-11 - -6 - -28) + (-6 - (7 - 4))?
14
Calculate -7 + 65 + -55 + -1 + -1.
1
Calculate 5 - (2 + -1 - (0 + 1) - 3).
8
Evaluate 7 - -3 - (5 + -7) - 1.
11
What is the value of -11 - 4 - 5 - -11?
-9
What is the value of 6 - (-4 - -1) - ((0 - -4) + -7)?
12
(-1 - -7) + 108 + -63 + -45
6
Calculate -7 + (-2 - -2) + (-26 + 14 - -13).
-6
What is the value of 4 + -7 - -10 - (5 + -10 + 5)?
7
Calculate 4 + (-10 - -2) - (-5 + 1 - -3).
-3
What is the value of (3 - 12) + (14 - (0 + -6))?
11
(-7 - 6) + -6 + 11 + -6
-14
What is 1 - (6 - 1) - (0 - 13 - 1)?
10
-28 + 6 + -6 + 4 + (8 - 5)
-21
What is the value of 84 - 94 - (-10 - (0 - 2))?
-2
What is (20 - -2) + -3 - (12 - (20 - 13))?
14
Evaluate -13 + -9 + 0 + -4.
-26
What is the value of -34 + (-25 - (16 - 34) - (-15 - 0))?
-26
Evaluate -2 + 27 + (15 - (-5 - -18)) + 0.
27
-12 + (36 - 31) + 29
22
Calculate -24 + (-10 - (6 - 0 - 12)) - -1.
-27
Calculate (3 - 31) + -42 + 53.
-17
5 + (-26 - -13) + (18 - -1)
11
1 + (6 + -15 - (-4 - -3))
-7
Evaluate -6 + -6 + (-11 - (-5 + -6)).
-12
What is the value of -2 - -2 - (-5 + 5 + 4)?
-4
5 + -1 + (15 - 7 - (5 + 9))
-2
What is the value of (1 - 5) + (235 - 215)?
16
What is the value of 10 - 3 - (0 + -11 + 6 + 1)?
11
Calculate 4 + (16 + -5 - -11) - 12.
14
What is the value of -7 - (6 + (5 - 4) + -13 + -1)?
0
Evaluate 29 - (-38 + 30 + 20).
17
Calculate -8 + (11 - ((-2 - 2 - -6) + -6)).
7
What is -19 + 11 - (2 + (-6 - 0))?
-4
What is the value of -16 - (-2 + -8) - (-3 - 4)?
1
40 + (-6 - -1) + 91 + -97
29
Evaluate 5 - ((-12 - -20) + -5).
2
Calculate -2 - 45 - -14 - -1.
-32
What is the value of -22 + 7 - (1 - 14)?
-2
Evaluate (-20 - -1) + 47 - (0 - -4).
24
Evaluate (5 - 9) + -1 + (1 - (-7 + 2)).
1
What is (0 - (-16 - -22)) + 2 + 6?
2
Evaluate (986 - 985) + 1 + 7.
9
Evaluate -3 + -53 + -35 + 71.
-20
16 + 8 + -26 + (22 - -5)
25
What is the value of -2 - (-16 - (-6 - 2)) - 10?
-4
What is (21 - -1) + -46 - 1?
-25
(-35 + 23 - -13) + (-3 - (1 + 3))
-6
Evaluate 34 - 17 - 11 - (5 - -1).
0
What is 1 + -27 + 11 + 10?
-5
Calculate (-32 - 1) + -116 + 135.
-14
Calculate (-5 - -2) + (27 - 7) + 6.
23
12 + (7 - 10) - (-11 + 1 - 14)
33
What is -76 - -58 - (-7 + -4 + 1)?
-8
Evaluate -26 + 48 + -3 + (1 - 9).
11
What is 18 + 5 + -18 + 0?
5
Calculate 23 + (16 - (5 - -49)).
-15
What is the value of 29 - (6 - (-29 - -13))?
7
What is the value of -7 - -24 - (-9 - -27)?
-1
What is the value of 11 + (-10 + (18 - 5) - 19)?
-5
(-18 - (9 - (5 + -3))) + (4 - 1)
-22
Calculate -3 - ((-2 - 4) + -8 + 17 + -4).
-2
Evaluate -13 + -6 - (-28 + 5 - -11).
-7
Evaluate -2 - (-5 + 0) - (26 - 34) - -9.
20
Evaluate 36 + -46 + 4 + (-1 - -4).
-3
What is -9 + -16 + (17 - 33 - -31)?
-10
What is the value of -1 + 1 - (307 - 320)?
13
What is the value of -9 - (-3 + 6) - (-50 + 24 - -16)?
-2
-6 + -1 + -2 - (8 - 20)
3
What is 33 + (-45 + 38 - 21)?
5
Evaluate 5 + 6 + -14 - -10.
7
Evaluate -17 + 1